{"id":630,"date":"2022-10-27T20:10:11","date_gmt":"2022-10-27T20:10:11","guid":{"rendered":"https:\/\/staging.bl.is\/?post_type=product&#038;p=630"},"modified":"2022-11-16T19:50:35","modified_gmt":"2022-11-16T19:50:35","slug":"skottmotta-marvel-r","status":"publish","type":"product","link":"https:\/\/staging.bl.is\/?product=skottmotta-marvel-r","title":{"rendered":"Skottmotta Marvel R"},"content":{"rendered":"<table width=\"584\">\n<tbody>\n<tr>\n<td width=\"584\">S\u00e9rsni\u00f0in g\u00famm\u00edmotta \u00ed\u00a0 MG ZS. Mottan minnkar b\u00e6\u00f0i hreyfingu farangurs og ver skotti\u00f0 fyrir bleytu og \u00f3hreinindum.<\/td>\n<\/tr>\n<\/tbody>\n<\/table>\n","protected":false},"excerpt":{"rendered":"<p>S\u00e9rsni\u00f0in g\u00famm\u00edmotta \u00ed\u00a0 MG ZS. Mottan minnkar b\u00e6\u00f0i hreyfingu farangurs og ver skotti\u00f0 fyrir bleytu og \u00f3hreinindum.<\/p>\n","protected":false},"featured_media":651,"template":"","meta":[],"product_cat":[33],"product_tag":[],"class_list":{"0":"post-630","1":"product","2":"type-product","3":"status-publish","4":"has-post-thumbnail","6":"product_cat-skottmottur","8":"first","9":"instock","10":"taxable","11":"shipping-taxable","12":"purchasable","13":"product-type-simple"},"yoast_head":"<!-- This site is optimized with the Yoast SEO plugin v19.10 - https:\/\/yoast.com\/wordpress\/plugins\/seo\/ -->\n<title>Skottmotta Marvel R - Vefverslun BL<\/title>\n<meta name=\"robots\" content=\"noindex, follow, max-snippet:-1, max-image-preview:large, max-video-preview:-1\" \/>\n<meta property=\"og:locale\" content=\"is_IS\" \/>\n<meta property=\"og:type\" content=\"article\" \/>\n<meta property=\"og:title\" content=\"Skottmotta Marvel R - Vefverslun BL\" \/>\n<meta property=\"og:description\" content=\"S\u00e9rsni\u00f0in g\u00famm\u00edmotta \u00ed\u00a0 MG ZS. Mottan minnkar b\u00e6\u00f0i hreyfingu farangurs og ver skotti\u00f0 fyrir bleytu og \u00f3hreinindum.\" \/>\n<meta property=\"og:url\" content=\"https:\/\/staging.bl.is\/?product=skottmotta-marvel-r\" \/>\n<meta property=\"og:site_name\" content=\"Vefverslun BL\" \/>\n<meta property=\"article:modified_time\" content=\"2022-11-16T19:50:35+00:00\" \/>\n<meta property=\"og:image\" content=\"https:\/\/staging.bl.is\/wp-content\/uploads\/2022\/10\/MG-Cover-mynd-1.jpg\" \/>\n\t<meta property=\"og:image:width\" content=\"625\" \/>\n\t<meta property=\"og:image:height\" content=\"352\" \/>\n\t<meta property=\"og:image:type\" content=\"image\/jpeg\" \/>\n<meta name=\"twitter:card\" content=\"summary_large_image\" \/>\n<meta name=\"twitter:label1\" content=\"Est. reading time\" \/>\n\t<meta name=\"twitter:data1\" content=\"1 minute\" \/>\n<script type=\"application\/ld+json\" class=\"yoast-schema-graph\">{\"@context\":\"https:\/\/schema.org\",\"@graph\":[{\"@type\":\"WebPage\",\"@id\":\"https:\/\/staging.bl.is\/?product=skottmotta-marvel-r\",\"url\":\"https:\/\/staging.bl.is\/?product=skottmotta-marvel-r\",\"name\":\"Skottmotta Marvel R - Vefverslun BL\",\"isPartOf\":{\"@id\":\"https:\/\/staging.bl.is\/#website\"},\"datePublished\":\"2022-10-27T20:10:11+00:00\",\"dateModified\":\"2022-11-16T19:50:35+00:00\",\"breadcrumb\":{\"@id\":\"https:\/\/staging.bl.is\/?product=skottmotta-marvel-r#breadcrumb\"},\"inLanguage\":\"is\",\"potentialAction\":[{\"@type\":\"ReadAction\",\"target\":[\"https:\/\/staging.bl.is\/?product=skottmotta-marvel-r\"]}]},{\"@type\":\"BreadcrumbList\",\"@id\":\"https:\/\/staging.bl.is\/?product=skottmotta-marvel-r#breadcrumb\",\"itemListElement\":[{\"@type\":\"ListItem\",\"position\":1,\"name\":\"Home\",\"item\":\"https:\/\/staging.bl.is\/\"},{\"@type\":\"ListItem\",\"position\":2,\"name\":\"Shop\",\"item\":\"https:\/\/staging.bl.is\/?page_id=6\"},{\"@type\":\"ListItem\",\"position\":3,\"name\":\"Skottmotta Marvel R\"}]},{\"@type\":\"WebSite\",\"@id\":\"https:\/\/staging.bl.is\/#website\",\"url\":\"https:\/\/staging.bl.is\/\",\"name\":\"Vefverslun BL\",\"description\":\"Vefverslun BL\",\"publisher\":{\"@id\":\"https:\/\/staging.bl.is\/#organization\"},\"potentialAction\":[{\"@type\":\"SearchAction\",\"target\":{\"@type\":\"EntryPoint\",\"urlTemplate\":\"https:\/\/staging.bl.is\/?s={search_term_string}\"},\"query-input\":\"required name=search_term_string\"}],\"inLanguage\":\"is\"},{\"@type\":\"Organization\",\"@id\":\"https:\/\/staging.bl.is\/#organization\",\"name\":\"Vefverslun BL\",\"url\":\"https:\/\/staging.bl.is\/\",\"logo\":{\"@type\":\"ImageObject\",\"inLanguage\":\"is\",\"@id\":\"https:\/\/staging.bl.is\/#\/schema\/logo\/image\/\",\"url\":\"https:\/\/staging.bl.is\/wp-content\/uploads\/2022\/10\/BL_Logo_75x48.png\",\"contentUrl\":\"https:\/\/staging.bl.is\/wp-content\/uploads\/2022\/10\/BL_Logo_75x48.png\",\"width\":75,\"height\":48,\"caption\":\"Vefverslun BL\"},\"image\":{\"@id\":\"https:\/\/staging.bl.is\/#\/schema\/logo\/image\/\"}}]}<\/script>\n<!-- \/ Yoast SEO plugin. -->","yoast_head_json":{"title":"Skottmotta Marvel R - Vefverslun BL","robots":{"index":"noindex","follow":"follow","max-snippet":"max-snippet:-1","max-image-preview":"max-image-preview:large","max-video-preview":"max-video-preview:-1"},"og_locale":"is_IS","og_type":"article","og_title":"Skottmotta Marvel R - Vefverslun BL","og_description":"S\u00e9rsni\u00f0in g\u00famm\u00edmotta \u00ed\u00a0 MG ZS. Mottan minnkar b\u00e6\u00f0i hreyfingu farangurs og ver skotti\u00f0 fyrir bleytu og \u00f3hreinindum.","og_url":"https:\/\/staging.bl.is\/?product=skottmotta-marvel-r","og_site_name":"Vefverslun BL","article_modified_time":"2022-11-16T19:50:35+00:00","og_image":[{"width":625,"height":352,"url":"https:\/\/staging.bl.is\/wp-content\/uploads\/2022\/10\/MG-Cover-mynd-1.jpg","type":"image\/jpeg"}],"twitter_card":"summary_large_image","twitter_misc":{"Est. reading time":"1 minute"},"schema":{"@context":"https:\/\/schema.org","@graph":[{"@type":"WebPage","@id":"https:\/\/staging.bl.is\/?product=skottmotta-marvel-r","url":"https:\/\/staging.bl.is\/?product=skottmotta-marvel-r","name":"Skottmotta Marvel R - Vefverslun BL","isPartOf":{"@id":"https:\/\/staging.bl.is\/#website"},"datePublished":"2022-10-27T20:10:11+00:00","dateModified":"2022-11-16T19:50:35+00:00","breadcrumb":{"@id":"https:\/\/staging.bl.is\/?product=skottmotta-marvel-r#breadcrumb"},"inLanguage":"is","potentialAction":[{"@type":"ReadAction","target":["https:\/\/staging.bl.is\/?product=skottmotta-marvel-r"]}]},{"@type":"BreadcrumbList","@id":"https:\/\/staging.bl.is\/?product=skottmotta-marvel-r#breadcrumb","itemListElement":[{"@type":"ListItem","position":1,"name":"Home","item":"https:\/\/staging.bl.is\/"},{"@type":"ListItem","position":2,"name":"Shop","item":"https:\/\/staging.bl.is\/?page_id=6"},{"@type":"ListItem","position":3,"name":"Skottmotta Marvel R"}]},{"@type":"WebSite","@id":"https:\/\/staging.bl.is\/#website","url":"https:\/\/staging.bl.is\/","name":"Vefverslun BL","description":"Vefverslun BL","publisher":{"@id":"https:\/\/staging.bl.is\/#organization"},"potentialAction":[{"@type":"SearchAction","target":{"@type":"EntryPoint","urlTemplate":"https:\/\/staging.bl.is\/?s={search_term_string}"},"query-input":"required name=search_term_string"}],"inLanguage":"is"},{"@type":"Organization","@id":"https:\/\/staging.bl.is\/#organization","name":"Vefverslun BL","url":"https:\/\/staging.bl.is\/","logo":{"@type":"ImageObject","inLanguage":"is","@id":"https:\/\/staging.bl.is\/#\/schema\/logo\/image\/","url":"https:\/\/staging.bl.is\/wp-content\/uploads\/2022\/10\/BL_Logo_75x48.png","contentUrl":"https:\/\/staging.bl.is\/wp-content\/uploads\/2022\/10\/BL_Logo_75x48.png","width":75,"height":48,"caption":"Vefverslun BL"},"image":{"@id":"https:\/\/staging.bl.is\/#\/schema\/logo\/image\/"}}]}},"_links":{"self":[{"href":"https:\/\/staging.bl.is\/index.php?rest_route=\/wp\/v2\/product\/630","targetHints":{"allow":["GET"]}}],"collection":[{"href":"https:\/\/staging.bl.is\/index.php?rest_route=\/wp\/v2\/product"}],"about":[{"href":"https:\/\/staging.bl.is\/index.php?rest_route=\/wp\/v2\/types\/product"}],"wp:featuredmedia":[{"embeddable":true,"href":"https:\/\/staging.bl.is\/index.php?rest_route=\/wp\/v2\/media\/651"}],"wp:attachment":[{"href":"https:\/\/staging.bl.is\/index.php?rest_route=%2Fwp%2Fv2%2Fmedia&parent=630"}],"wp:term":[{"taxonomy":"product_cat","embeddable":true,"href":"https:\/\/staging.bl.is\/index.php?rest_route=%2Fwp%2Fv2%2Fproduct_cat&post=630"},{"taxonomy":"product_tag","embeddable":true,"href":"https:\/\/staging.bl.is\/index.php?rest_route=%2Fwp%2Fv2%2Fproduct_tag&post=630"}],"curies":[{"name":"wp","href":"https:\/\/api.w.org\/{rel}","templated":true}]}}